en 13 is divided by r?
5
Suppose -3*d = -6*d + 15576. What is the remainder when 49 is divided by d/286 + 4/(-26)?
13
Let b = 136 - 2. What is the remainder when b is divided by 9?
8
Let k = 631 - 508. Calculate the remainder when k is divided by 42.
39
Suppose 0 = -3*n + 4*w + 84, 39*n + 5*w - 105 = 34*n. What is the remainder when 262 is divided by n?
22
Let c(u) = -u**3 + 14*u**2 + 15*u + 16. Let h be c(15). Calculate the remainder when (16 + 2)*-5*h/(-24) is divided by 8.
4
Let k(l) = -l**2 - 9*l + 12. Let x be k(-10). Suppose 6*v - 20 = x*v. Suppose -n + 42 = -g, 5*n + v*g = 4*n + 36. What is the remainder when n is divided by 11?
8
Let q(i) = i**3 + 12*i**2 + 7*i + 9. Let b(k) = k - k + k + 24 - 2*k. Calculate the remainder when q(-11) is divided by b(10).
11
Let z = -315 + 329. What is the remainder when -2 + 1 - 3*-23 is divided by z?
12
Let x = 9 + -1. Calculate the remainder when 16/104 + 1359/39 is divided by ((-9)/2)/((-2)/x).
17
Suppose 3 + 25 = -2*b. Let q = 37 + b. What is the remainder when q is divided by (-12)/((-9)/6*1)?
7
Suppose -4*s + 3*i = 1244, 2*i = 4*s + 6*i + 1244. Let z = s + 436. What is the remainder when z is divided by 18?
17
Suppose -18*c = -16*c - 146. What is the remainder when 233 is divided by c?
14
Calculate the remainder when ((-46)/(-184))/(-2 + 377/188) is divided by 5.
2
Suppose 5*w - 258 = -3*c, -8*w - 344 = -4*c - 6*w. Let s(i) = -197*i + 423. What is the remainder when c is divided by s(2)?
28
Let m(i) = 15 + 6 + 3*i + 4 - 11. What is the remainder when 139 is divided by m(7)?
34
Let n(o) = -o**3 - 40*o**2 - 75*o + 124. Calculate the remainder when 100 is divided by n(-38).
14
Let v = 437 + -421. Calculate the remainder when 45 is divided by v.
13
Suppose -15*q = -13*q - 2*m - 38, -3*q = -5*m - 65. Calculate the remainder when 1254 is divided by q.
9
Suppose 0 = -3*d + 363 + 201. Suppose 200 = 2*h + 5*z, -6*h + 4*h - 2*z = -d. What is the remainder when h is divided by 23?
21
Let m = 10 + -6. Suppose -5*n + 56 = 3*x, -16*n = -15*n - 1. What is the remainder when x is divided by m?
1
Calculate the remainder when (-9)/36 - 315/(-12) is divided by 7.
5
Suppose 0*f - 4*f - q - 104 = 0, -f = -2*q + 35. What is the remainder when 9/((-3)/f*3) is divided by 14?
13
Suppose 96 = 8*b + 8*b. What is the remainder when 27 is divided by b?
3
Suppose 2*v - 99 = -0*v - h, -2*v + 114 = -2*h. Let s = v + -8. Calculate the remainder when s is divided by 12.
8
Suppose 5*m = -19*d + 16*d + 1275, -4*d + 20 = 0. Calculate the remainder when m is divided by 80.
12
Suppose 0 = -2*b + 6*b - 32. Suppose z = -3*h + 6, -z + 2*z + b = 4*h. Suppose 0 = -h*m - 21 + 97. What is the remainder when m is divided by 13?
12
Let v(w) = -w**2 - 4*w + 21. Suppose -5*k - 28 = 2. Calculate the remainder when 31 is divided by v(k).
4
Let j be 6/(-8)*13/((-78)/168). Suppose 26*q - j*q - 185 = 0. Calculate the remainder when q is divided by 11.
4
Let w = -21 - -6. Let v = 0 - w. Suppose -v*j + 44 = -11*j. Calculate the remainder when 21 is divided by j.
10
Let l = -100 - -113. Let m = 11 - 7. Calculate the remainder when l is divided by m.
1
Let r(a) = a**2 - 8*a - 17. Let m be r(9). Let u be (-6)/5*20/m. Suppose -11 = -2*s - l, -2*l = -5*s - u + 8. What is the remainder when s is divided by 1?
0
Let p be (-4)/(-14) - (-5)/7. Calculate the remainder when 10 is divided by (-12)/8*(p + -5).
4
Let h(q) = -2*q**2 - 28*q - 4. What is the remainder when 453 is divided by h(-4)?
73
Suppose 2*d + 802 = 3*r, 2*r - 428 = -d + 109. Calculate the remainder when r is divided by 9.
7
Let c = 2765 - 2705. Calculate the remainder when 118 is divided by c.
58
Let z = 128 + -74. Let f be (-128)/(-6) + (-7)/(16 + 5). Suppose f = 5*c - 19. What is the remainder when z is divided by c?
6
Let p be 3/(-6)*1*-22. Suppose x - 16 = -3*w, 8 = -w + 3*x + 30. What is the remainder when (p*1)/(-4 - -5) is divided by w?
4
Let o(m) = m**2 + m + 1. Let t(n) = -n**2. Let v(w) = -2*o(w) - 5*t(w). Let f be v(-1). Calculate the remainder when 3 is divided by (21/14)/(f/2).
0
Suppose -5*h = -154 - 686. Suppose 0 = -14*m + 269 + 207. Calculate the remainder when h is divided by m.
32
What is the remainder when 98 is divided by ((-4)/12 + -2)/(4/(-12))?
0
Let q(d) = d**3 - 24*d**2 + 65*d + 29. What is the remainder when 277 is divided by q(21)?
64
Suppose 0 = -41*d + 32*d + 1413. What is the remainder when d is divided by 40?
37
Suppose -4*x = -27 - 45. Let k(t) = 10*t - 4. Let l be k(7). Suppose -20*m = -18*m - l. Calculate the remainder when m is divided by x.
15
What is the remainder when 84 is divided by (-22)/(-55) + (-532)/(-20)?
3
Suppose 7*q - 190 = 2*q. Suppose 5*a = -4*l + q, 2*l + 8 = 2*a - 0*l. Let h = -14 - -36. What is the remainder when h is divided by a?
4
Let b(r) = -2*r**3 - 2*r**2 - 3*r - 1. Suppose 8*y - 7 = 9. Suppose -3 + 17 = y*j. What is the remainder when b(-2) is divided by j?
6
Suppose v - 3*y = 28 - 6, -v + 5*y = -28. Suppose v*d + 57 = 16*d. What is the remainder when 149 is divided by d?
16
Let b = 11 - 3. Let x = b - 2. Suppose -x*h + 3*h = -5*d + 167, 4*d = h + 128. Calculate the remainder when d is divided by 11.
9
Let o = -30 + 61. Suppose -9*q - o = -373. What is the remainder when 151 is divided by q?
37
Let j(u) = u**3 + 16*u**2 + 14*u - 10. Let r be j(-15). Suppose 0 = -6*x + r*x + 8. Calculate the remainder when 21 is divided by x.
5
Calculate the remainder when (-329)/(-9) - (320/90 + -4) is divided by 10.
7
Suppose -b = -0*b + 4*h - 17, 0 = 3*b - 5*h. Suppose 0 = 2*d - 5*w - 16, b*d - 1 = w + 85. Calculate the remainder when d is divided by 10.
8
Let l = 98 + -58. Suppose -3*x - 2*p + 30 = -5*p, -4*x = -5*p - l. Calculate the remainder when 28 is divided by x.
8
Let n(b) = 3*b**2 - 9*b. Let z be n(8). Suppose 3*s + z = 8*s. Calculate the remainder when s is divided by (-2)/(-1 - 18/(-21)).
10
Let d(x) be the second derivative of -3*x**4/4 - x**2/2 + 7*x. Let z be d(-1). Let n(v) = -v**2 - 11*v + 7. Calculate the remainder when 32 is divided by n(z).
15
Suppose 8*q - 13*q - 5*s + 140 = 0, -2*q = s - 56. Calculate the remainder when 263 is divided by q.
11
Let p = 2652 + -2597. What is the remainder when p is divided by 34?
21
Suppose 0 = -3*h - 9, 0*h + h + 9 = 3*p. Calculate the remainder when 34 is divided by -2 + p + 6 + 2.
2
Suppose -8*q + 6*q = -20. Suppose -34 = -4*x - q. Calculate the remainder when 21 is divided by x.
3
Suppose -208 = -5*f + 4*b + 152, 5*b - 177 = -2*f. Let u(w) = -w**2 + 10*w + 11. What is the remainder when f is divided by u(9)?
16
Let b(w) = -w + 17. Let l be b(-15). Suppose 2*y = -5*m + l, -2*m - y + 9 = -4*y. Calculate the remainder when 27 is divided by m.
3
Let s = -19 + 102. Let h(v) = -53*v - 24. Calculate the remainder when s is divided by h(-1).
25
Suppose -4*n + 45 = 5*f, 4*n = -9 + 29. Let k = f + 17. Suppose 151 - 23 = 2*m. Calculate the remainder when m is divided by k.
20
Let n(y) = 2*y**2 + 2*y - 29. What is the remainder when n(6) is divided by 2?
1
Let u = -208 + 275. Calculate the remainder when u is divided by 17.
16
Let o be 3/(6*1/4). Let m = 17 + o. Suppose 0 = -3*h + 2*h - 2*i - 3, 3*i + 32 = 4*h. Calculate the remainder when m is divided by h.
4
Let q(v) = 3*v + 6. Let f be q(3). Suppose 3 = -3*p + f. Suppose 2*d - 4*w = -0*d + 52, 139 = p*d - w. Calculate the remainder when d is divided by 19.
17
Suppose 29 + 31 = 4*n. What is the remainder when (39/15)/(3/n) is divided by 4?
1
Let w = 24 - 28. Let k = w + 11. Let d(b) = b**3 - 1. Calculate the remainder when d(3) is divided by k.
5
Let q = 438 + -427. What is the remainder when -4*2/12*-30 is divided by q?
9
Suppose -z = 2*f - 166, -424 = -4*f - f + 2*z. What is the remainder when f is divided by 11?
7
Let b(n) = n**3 - 6*n**2 - 9*n - 9. Let r be b(8). Let v = r + -36. Calculate the remainder when 42 is divided by v.
9
Let o(u) = u**2 - 2*u + 4*u**3 - 1 - 2*u**2 + 3*u. Let z be o(1). Suppose 5*b = -2*f + 16, -14 - 10 = -z*f + b. Calculate the remainder when 30 is divided by f.
6
Let a(z) = z - 2. Let h be a(6). Suppose x - h = -q - 2, -4*q = 8. Suppose -37*o + 132 = 16*o - 9*o. What is the remainder when x is divided by o?
1
Let r be 42 - ((0 - 3) + 6). Let b = 28 + r. Calculate the remainder when b is divided by 18.
13
Suppose -1207 - 